{"id":575,"date":"2019-09-13T11:29:21","date_gmt":"2019-09-13T09:29:21","guid":{"rendered":"https:\/\/workertm.com\/wp\/tractour\/?page_id=575"},"modified":"2023-11-07T22:26:15","modified_gmt":"2023-11-08T04:26:15","slug":"tips","status":"publish","type":"page","link":"https:\/\/aexco.com.gt\/a\/tips\/","title":{"rendered":"Tips"},"content":{"rendered":"\t\t<div data-elementor-type=\"wp-page\" data-elementor-id=\"575\" class=\"elementor elementor-575\">\n\t\t\t\t\t\t<section class=\"elementor-section elementor-top-section elementor-element elementor-element-14b4ba1 elementor-section-boxed elementor-section-height-default elementor-section-height-default\" data-id=\"14b4ba1\" data-element_type=\"section\" data-e-type=\"section\">\n\t\t\t\t\t\t<div class=\"elementor-container elementor-column-gap-default\">\n\t\t\t\t\t<div class=\"elementor-column elementor-col-100 elementor-top-column elementor-element elementor-element-4bd1819\" data-id=\"4bd1819\" data-element_type=\"column\" data-e-type=\"column\">\n\t\t\t<div class=\"elementor-widget-wrap elementor-element-populated\">\n\t\t\t\t\t\t<div class=\"elementor-element elementor-element-8137f9b elementor-widget elementor-widget-tractour-comon-section-title\" data-id=\"8137f9b\" data-element_type=\"widget\" data-e-type=\"widget\" data-widget_type=\"tractour-comon-section-title.default\">\n\t\t\t\t<div class=\"elementor-widget-container\">\n\t\t\t\t\t        \n\t\t<!-- Tractour Section Title Area Stat -->\n        <div class=\"section-title\">\n                        <h2>TIPS<\/h2>\n                        <span><img decoding=\"async\" src=\"https:\/\/aexco.com.gt\/a\/wp-content\/uploads\/2020\/11\/TIPS-1.png\" ><\/span>\n                        <p><\/p>\n                    <\/div>\n        <!-- Tractour Section Title Area End -->\n    \n        \t\t\t\t<\/div>\n\t\t\t\t<\/div>\n\t\t\t\t\t<\/div>\n\t\t<\/div>\n\t\t\t\t\t<\/div>\n\t\t<\/section>\n\t\t\t\t<section class=\"elementor-section elementor-top-section elementor-element elementor-element-7b78bde elementor-section-boxed elementor-section-height-default elementor-section-height-default\" data-id=\"7b78bde\" data-element_type=\"section\" data-e-type=\"section\">\n\t\t\t\t\t\t<div class=\"elementor-container elementor-column-gap-default\">\n\t\t\t\t\t<div class=\"elementor-column elementor-col-33 elementor-top-column elementor-element elementor-element-25065ac\" data-id=\"25065ac\" data-element_type=\"column\" data-e-type=\"column\">\n\t\t\t<div class=\"elementor-widget-wrap elementor-element-populated\">\n\t\t\t\t\t\t<div class=\"elementor-element elementor-element-0867afa elementor-widget elementor-widget-tractour-services-wedget\" data-id=\"0867afa\" data-element_type=\"widget\" data-e-type=\"widget\" data-widget_type=\"tractour-services-wedget.default\">\n\t\t\t\t<div class=\"elementor-widget-container\">\n\t\t\t\t\t        \n\t\t<!-- services area start -->\n\t\t\t\n                    <div class=\"single-services-wraper border-bottom\t\t\t\t\t\">\n                        <div class=\"services-icon\">\n<i aria-hidden=\"true\" class=\"fas fa-hourglass-half\"><\/i>                        <\/div>\n                        <div class=\"services-content\">\n                            <h4>Instalaci\u00f3n de Sistema de Extracci\u00f3n<\/h4>\n                            <p>El sistema completo deber\u00eda ser probado seg\u00fan lo requerido en el manual de instalaci\u00f3n y mantenimiento del fabricante. Las pruebas deber\u00edan determinar que el sistema ha sido correctamente instalado y que funcionar\u00e1 como se ha previsto. Se deber\u00edan realizar aquellas labores de mantenimiento indicadas en la Reglamentaci\u00f3n vigente en cada momento. Al menos cada semestralmente, de acuerdo con el manual de instalaci\u00f3n debe dar mantenimiento a los equipos.<\/p>\n                        <\/div>\n                    <\/div>\n\t\t\t\t\n    <!-- services area end -->\n    \n        \t\t\t\t<\/div>\n\t\t\t\t<\/div>\n\t\t\t\t\t<\/div>\n\t\t<\/div>\n\t\t\t\t<div class=\"elementor-column elementor-col-33 elementor-top-column elementor-element elementor-element-a34d93d\" data-id=\"a34d93d\" data-element_type=\"column\" data-e-type=\"column\">\n\t\t\t<div class=\"elementor-widget-wrap elementor-element-populated\">\n\t\t\t\t\t\t<div class=\"elementor-element elementor-element-b17c582 elementor-widget elementor-widget-tractour-services-wedget\" data-id=\"b17c582\" data-element_type=\"widget\" data-e-type=\"widget\" data-widget_type=\"tractour-services-wedget.default\">\n\t\t\t\t<div class=\"elementor-widget-container\">\n\t\t\t\t\t        \n\t\t<!-- services area start -->\n\t\t\t\n                    <div class=\"single-services-wraper \t\t\t\t\t\">\n                        <div class=\"services-icon\">\n                        <\/div>\n                        <div class=\"services-content\">\n                            <h4><\/h4>\n                            <p><\/p>\n                        <\/div>\n                    <\/div>\n\t\t\t\t\n    <!-- services area end -->\n    \n        \t\t\t\t<\/div>\n\t\t\t\t<\/div>\n\t\t\t\t\t<\/div>\n\t\t<\/div>\n\t\t\t\t<div class=\"elementor-column elementor-col-33 elementor-top-column elementor-element elementor-element-7ff0f2a\" data-id=\"7ff0f2a\" data-element_type=\"column\" data-e-type=\"column\">\n\t\t\t<div class=\"elementor-widget-wrap elementor-element-populated\">\n\t\t\t\t\t\t<div class=\"elementor-element elementor-element-bcb6799 elementor-widget elementor-widget-tractour-services-wedget\" data-id=\"bcb6799\" data-element_type=\"widget\" data-e-type=\"widget\" data-widget_type=\"tractour-services-wedget.default\">\n\t\t\t\t<div class=\"elementor-widget-container\">\n\t\t\t\t\t        \n\t\t<!-- services area start -->\n\t\t\t\n                    <div class=\"single-services-wraper border-bottom\t\t\t\t\t\">\n                        <div class=\"services-icon\">\n<i aria-hidden=\"true\" class=\"fas fa-exclamation-triangle\"><\/i>                        <\/div>\n                        <div class=\"services-content\">\n                            <h4>Importante<\/h4>\n                            <p>Es importante entender que la protecci\u00f3n \u00fanicamente de las zonas de cocci\u00f3n sin incluir la campana, el plenum o los conductos de extracci\u00f3n puede resultar incompleta por la posibilidad de que el fuego ignite la grasa existente en ellos y a los que una descarga de agente extintor no ser\u00e1 capaz de extinguir. La existencia del fuego en los conductos de extracci\u00f3n puede provocar la extensi\u00f3n del mismo a todo el edificio. <\/p>\n                        <\/div>\n                    <\/div>\n\t\t\t\t\n    <!-- services area end -->\n    \n        \t\t\t\t<\/div>\n\t\t\t\t<\/div>\n\t\t\t\t\t<\/div>\n\t\t<\/div>\n\t\t\t\t\t<\/div>\n\t\t<\/section>\n\t\t\t\t<section class=\"elementor-section elementor-top-section elementor-element elementor-element-9e1ff85 elementor-section-boxed elementor-section-height-default elementor-section-height-default\" data-id=\"9e1ff85\" data-element_type=\"section\" data-e-type=\"section\">\n\t\t\t\t\t\t<div class=\"elementor-container elementor-column-gap-default\">\n\t\t\t\t\t<div class=\"elementor-column elementor-col-33 elementor-top-column elementor-element elementor-element-635cdb2\" data-id=\"635cdb2\" data-element_type=\"column\" data-e-type=\"column\">\n\t\t\t<div class=\"elementor-widget-wrap elementor-element-populated\">\n\t\t\t\t\t\t<div class=\"elementor-element elementor-element-073fbde elementor-widget elementor-widget-tractour-services-wedget\" data-id=\"073fbde\" data-element_type=\"widget\" data-e-type=\"widget\" data-widget_type=\"tractour-services-wedget.default\">\n\t\t\t\t<div class=\"elementor-widget-container\">\n\t\t\t\t\t        \n\t\t<!-- services area start -->\n\t\t\t\n                    <div class=\"single-services-wraper \t\t\t\t\t\">\n                        <div class=\"services-icon\">\n<i aria-hidden=\"true\" class=\"fas fa-question\"><\/i>                        <\/div>\n                        <div class=\"services-content\">\n                            <h4>\u00bfPorqu\u00e9 es importante el sistema de extracci\u00f3n?<\/h4>\n                            <p>Los vapores extra\u00eddos en las cocinas llevan un alto contenido de grasa que se acumula en los filtros, campana, conductos y extractor. Esta grasa es altamente inflamable, siendo la responsable de la mayor\u00eda de los incendios producidos en los restaurantes.<\/p>\n                        <\/div>\n                    <\/div>\n\t\t\t\t\n    <!-- services area end -->\n    \n        \t\t\t\t<\/div>\n\t\t\t\t<\/div>\n\t\t\t\t\t<\/div>\n\t\t<\/div>\n\t\t\t\t<div class=\"elementor-column elementor-col-33 elementor-top-column elementor-element elementor-element-494c476\" data-id=\"494c476\" data-element_type=\"column\" data-e-type=\"column\">\n\t\t\t<div class=\"elementor-widget-wrap elementor-element-populated\">\n\t\t\t\t\t\t<div class=\"elementor-element elementor-element-18c0172 elementor-widget elementor-widget-tractour-services-wedget\" data-id=\"18c0172\" data-element_type=\"widget\" data-e-type=\"widget\" data-widget_type=\"tractour-services-wedget.default\">\n\t\t\t\t<div class=\"elementor-widget-container\">\n\t\t\t\t\t        \n\t\t<!-- services area start -->\n\t\t\t\n                    <div class=\"single-services-wraper \t\t\t\t\t\">\n                        <div class=\"services-icon\">\n<i aria-hidden=\"true\" class=\"fas fa-question\"><\/i>                        <\/div>\n                        <div class=\"services-content\">\n                            <h4>\u00bfPorqu\u00e9 es importante el sistema de extracci\u00f3n?<\/h4>\n                            <p>Adem\u00e1s, los sistemas sucios hacen que el extractor trabaje forzado siempre y as\u00ed consumiendo mucho m\u00e1s m\u00e1s energ\u00eda de la necesaria, generando malos olores por una ventilaci\u00f3n inadecuada y aumentando sensiblemente el riesgo de contaminaci\u00f3n alimenticia.<\/p>\n                        <\/div>\n                    <\/div>\n\t\t\t\t\n    <!-- services area end -->\n    \n        \t\t\t\t<\/div>\n\t\t\t\t<\/div>\n\t\t\t\t\t<\/div>\n\t\t<\/div>\n\t\t\t\t<div class=\"elementor-column elementor-col-33 elementor-top-column elementor-element elementor-element-33015a3\" data-id=\"33015a3\" data-element_type=\"column\" data-e-type=\"column\">\n\t\t\t<div class=\"elementor-widget-wrap elementor-element-populated\">\n\t\t\t\t\t\t<div class=\"elementor-element elementor-element-8ad65bb elementor-widget elementor-widget-tractour-services-wedget\" data-id=\"8ad65bb\" data-element_type=\"widget\" data-e-type=\"widget\" data-widget_type=\"tractour-services-wedget.default\">\n\t\t\t\t<div class=\"elementor-widget-container\">\n\t\t\t\t\t        \n\t\t<!-- services area start -->\n\t\t\t\n                    <div class=\"single-services-wraper \t\t\t\t\t\">\n                        <div class=\"services-icon\">\n<i aria-hidden=\"true\" class=\"fas fa-question\"><\/i>                        <\/div>\n                        <div class=\"services-content\">\n                            <h4>\u00bfPorqu\u00e9 es importante el sistema de extracci\u00f3n?<\/h4>\n                            <p>La limpieza de todo el sistema (campanas, filtros, extractor y conductos) a un precio realmente ajustado le aporta el beneficio del bienestar para sus clientes y empleados, nuestro servicio t\u00e9cnico est\u00e1 capacitado para realizar el mantenimiento profundo de cada uno de sus equipos<\/p>\n                        <\/div>\n                    <\/div>\n\t\t\t\t\n    <!-- services area end -->\n    \n        \t\t\t\t<\/div>\n\t\t\t\t<\/div>\n\t\t\t\t\t<\/div>\n\t\t<\/div>\n\t\t\t\t\t<\/div>\n\t\t<\/section>\n\t\t\t\t<\/div>\n\t\t","protected":false},"excerpt":{"rendered":"<p>TIPS Instalaci\u00f3n de Sistema de Extracci\u00f3n El sistema completo deber\u00eda ser probado seg\u00fan lo requerido en el manual de instalaci\u00f3n y mantenimiento del fabricante. Las pruebas deber\u00edan determinar que el sistema ha sido correctamente instalado y que funcionar\u00e1 como se ha previsto. Se deber\u00edan realizar aquellas labores de mantenimiento indicadas en la Reglamentaci\u00f3n vigente en [&hellip;]<\/p>\n","protected":false},"author":1,"featured_media":0,"parent":0,"menu_order":0,"comment_status":"closed","ping_status":"closed","template":"","meta":{"om_disable_all_campaigns":false,"_monsterinsights_skip_tracking":false,"_monsterinsights_sitenote_active":false,"_monsterinsights_sitenote_note":"","_monsterinsights_sitenote_category":0,"footnotes":""},"class_list":["post-575","page","type-page","status-publish","hentry"],"aioseo_notices":[],"_links":{"self":[{"href":"https:\/\/aexco.com.gt\/a\/wp-json\/wp\/v2\/pages\/575","targetHints":{"allow":["GET"]}}],"collection":[{"href":"https:\/\/aexco.com.gt\/a\/wp-json\/wp\/v2\/pages"}],"about":[{"href":"https:\/\/aexco.com.gt\/a\/wp-json\/wp\/v2\/types\/page"}],"author":[{"embeddable":true,"href":"https:\/\/aexco.com.gt\/a\/wp-json\/wp\/v2\/users\/1"}],"replies":[{"embeddable":true,"href":"https:\/\/aexco.com.gt\/a\/wp-json\/wp\/v2\/comments?post=575"}],"version-history":[{"count":37,"href":"https:\/\/aexco.com.gt\/a\/wp-json\/wp\/v2\/pages\/575\/revisions"}],"predecessor-version":[{"id":1881,"href":"https:\/\/aexco.com.gt\/a\/wp-json\/wp\/v2\/pages\/575\/revisions\/1881"}],"wp:attachment":[{"href":"https:\/\/aexco.com.gt\/a\/wp-json\/wp\/v2\/media?parent=575"}],"curies":[{"name":"wp","href":"https:\/\/api.w.org\/{rel}","templated":true}]}}